{"id":61307,"date":"2026-01-29T12:13:52","date_gmt":"2026-01-29T11:13:52","guid":{"rendered":"https:\/\/www.lavillagardendesign.com\/product\/collection-menorca-canape-3-places\/"},"modified":"2026-02-10T14:24:22","modified_gmt":"2026-02-10T12:24:22","slug":"collection-menorca-canape-3-places","status":"publish","type":"product","link":"https:\/\/www.lavillagardendesign.com\/fr\/product\/collection-menorca-canape-3-places\/","title":{"rendered":"COLLECTION MENORCA &#8211; Canap\u00e9 3 places"},"content":{"rendered":"","protected":false},"excerpt":{"rendered":"<p>Captez la lumi\u00e8re et la s\u00e9r\u00e9nit\u00e9 de la M\u00e9diterran\u00e9e avec le canap\u00e9 <span class=\"il\">MENORCA<\/span>. Ce mod\u00e8le 3 places se distingue par ses lignes \u00e9pur\u00e9es et sa structure <b>en aluminium thermolaqu\u00e9 polyester<\/b> blanc pur, con\u00e7ue pour r\u00e9sister au sel et \u00e0 l&rsquo;humidit\u00e9 sans perdre de son \u00e9clat. Son dossier haut (84 cm) offre un excellent soutien, tandis que les accoudoirs de 61 cm permettent une position d\u00e9tendue. Le confort est garanti par les coussins amovibles en <b>tissu Olefinfabric<\/b>(100% polypropyl\u00e8ne), un mat\u00e9riau tr\u00e8s performant qui repousse l&rsquo;eau et r\u00e9siste aux taches, id\u00e9al pour une utilisation ext\u00e9rieure sans souci.   <\/p>\n<ul>\n<li>Longueur : 194 cm (Compact 3 places)<\/li>\n<li>Profondeur : 78 cm<\/li>\n<li>Hauteur totale : 84 cm<\/li>\n<li>Hauteur du si\u00e8ge : 43 cm<\/li>\n<li>Hauteur des accoudoirs : 61 cm<\/li>\n<\/ul>\n","protected":false},"featured_media":61253,"comment_status":"open","ping_status":"closed","template":"","meta":[],"product_brand":[4998],"product_cat":[2937,2935,6832,5658],"product_tag":[],"class_list":{"0":"post-61307","1":"product","2":"type-product","3":"status-publish","4":"has-post-thumbnail","6":"product_brand-la-villa","7":"product_cat-canapes","8":"product_cat-canapes-fauteuils","9":"product_cat-outdoor-fr","10":"product_cat-promos-web","12":"first","13":"instock","14":"sale","15":"taxable","16":"shipping-taxable","17":"purchasable","18":"product-type-simple"},"yoast_head":"<!-- This site is optimized with the Yoast SEO plugin v27.4 - https:\/\/yoast.com\/product\/yoast-seo-wordpress\/ -->\n<title>MENORCA Canap\u00e9 3 places en aluminium blanc | La Villa Garden<\/title>\n<meta name=\"description\" content=\"Canap\u00e9 de jardin MENORCA (194 cm). Structure en aluminium blanc durable et coussins en ol\u00e9fine hydrofuge. Id\u00e9al pour les terrasses modernes. Offre \u20ac1,290.\" \/>\n<meta name=\"robots\" content=\"index, follow, max-snippet:-1, max-image-preview:large, max-video-preview:-1\" \/>\n<link rel=\"canonical\" href=\"https:\/\/www.lavillagardendesign.com\/fr\/product\/collection-menorca-canape-3-places\/\" \/>\n<meta property=\"og:locale\" content=\"fr_FR\" \/>\n<meta property=\"og:type\" content=\"article\" \/>\n<meta property=\"og:title\" content=\"MENORCA Canap\u00e9 3 places en aluminium blanc | La Villa Garden\" \/>\n<meta property=\"og:description\" content=\"Canap\u00e9 de jardin MENORCA (194 cm). Structure en aluminium blanc durable et coussins en ol\u00e9fine hydrofuge. Id\u00e9al pour les terrasses modernes. Offre \u20ac1,290.\" \/>\n<meta property=\"og:url\" content=\"https:\/\/www.lavillagardendesign.com\/fr\/product\/collection-menorca-canape-3-places\/\" \/>\n<meta property=\"og:site_name\" content=\"La Villa Garden&amp;Design\" \/>\n<meta property=\"article:publisher\" content=\"https:\/\/www.facebook.com\/lavillagardendesign\/\" \/>\n<meta property=\"article:modified_time\" content=\"2026-02-10T12:24:22+00:00\" \/>\n<meta property=\"og:image\" content=\"https:\/\/www.lavillagardendesign.com\/wp-content\/uploads\/2026\/01\/Design-sans-titre-6.png\" \/>\n\t<meta property=\"og:image:width\" content=\"700\" \/>\n\t<meta property=\"og:image:height\" content=\"800\" \/>\n\t<meta property=\"og:image:type\" content=\"image\/png\" \/>\n<meta name=\"twitter:card\" content=\"summary_large_image\" \/>\n<script type=\"application\/ld+json\" class=\"yoast-schema-graph\">{\"@context\":\"https:\\\/\\\/schema.org\",\"@graph\":[{\"@type\":\"WebPage\",\"@id\":\"https:\\\/\\\/www.lavillagardendesign.com\\\/fr\\\/product\\\/collection-menorca-canape-3-places\\\/\",\"url\":\"https:\\\/\\\/www.lavillagardendesign.com\\\/fr\\\/product\\\/collection-menorca-canape-3-places\\\/\",\"name\":\"MENORCA Canap\u00e9 3 places en aluminium blanc | La Villa Garden\",\"isPartOf\":{\"@id\":\"https:\\\/\\\/www.lavillagardendesign.com\\\/#website\"},\"primaryImageOfPage\":{\"@id\":\"https:\\\/\\\/www.lavillagardendesign.com\\\/fr\\\/product\\\/collection-menorca-canape-3-places\\\/#primaryimage\"},\"image\":{\"@id\":\"https:\\\/\\\/www.lavillagardendesign.com\\\/fr\\\/product\\\/collection-menorca-canape-3-places\\\/#primaryimage\"},\"thumbnailUrl\":\"https:\\\/\\\/www.lavillagardendesign.com\\\/wp-content\\\/uploads\\\/2026\\\/01\\\/Design-sans-titre-6.png\",\"datePublished\":\"2026-01-29T11:13:52+00:00\",\"dateModified\":\"2026-02-10T12:24:22+00:00\",\"description\":\"Canap\u00e9 de jardin MENORCA (194 cm). Structure en aluminium blanc durable et coussins en ol\u00e9fine hydrofuge. Id\u00e9al pour les terrasses modernes. Offre \u20ac1,290.\",\"breadcrumb\":{\"@id\":\"https:\\\/\\\/www.lavillagardendesign.com\\\/fr\\\/product\\\/collection-menorca-canape-3-places\\\/#breadcrumb\"},\"inLanguage\":\"fr-FR\",\"potentialAction\":[{\"@type\":\"ReadAction\",\"target\":[\"https:\\\/\\\/www.lavillagardendesign.com\\\/fr\\\/product\\\/collection-menorca-canape-3-places\\\/\"]}]},{\"@type\":\"ImageObject\",\"inLanguage\":\"fr-FR\",\"@id\":\"https:\\\/\\\/www.lavillagardendesign.com\\\/fr\\\/product\\\/collection-menorca-canape-3-places\\\/#primaryimage\",\"url\":\"https:\\\/\\\/www.lavillagardendesign.com\\\/wp-content\\\/uploads\\\/2026\\\/01\\\/Design-sans-titre-6.png\",\"contentUrl\":\"https:\\\/\\\/www.lavillagardendesign.com\\\/wp-content\\\/uploads\\\/2026\\\/01\\\/Design-sans-titre-6.png\",\"width\":700,\"height\":800},{\"@type\":\"BreadcrumbList\",\"@id\":\"https:\\\/\\\/www.lavillagardendesign.com\\\/fr\\\/product\\\/collection-menorca-canape-3-places\\\/#breadcrumb\",\"itemListElement\":[{\"@type\":\"ListItem\",\"position\":1,\"name\":\"Home\",\"item\":\"https:\\\/\\\/www.lavillagardendesign.com\\\/\"},{\"@type\":\"ListItem\",\"position\":2,\"name\":\"Boutique\",\"item\":\"https:\\\/\\\/www.lavillagardendesign.com\\\/fr\\\/boutique\\\/\"},{\"@type\":\"ListItem\",\"position\":3,\"name\":\"COLLECTION MENORCA &#8211; Canap\u00e9 3 places\"}]},{\"@type\":\"WebSite\",\"@id\":\"https:\\\/\\\/www.lavillagardendesign.com\\\/#website\",\"url\":\"https:\\\/\\\/www.lavillagardendesign.com\\\/\",\"name\":\"La Villa Garden&Design\",\"description\":\"\",\"publisher\":{\"@id\":\"https:\\\/\\\/www.lavillagardendesign.com\\\/#organization\"},\"potentialAction\":[{\"@type\":\"SearchAction\",\"target\":{\"@type\":\"EntryPoint\",\"urlTemplate\":\"https:\\\/\\\/www.lavillagardendesign.com\\\/?s={search_term_string}\"},\"query-input\":{\"@type\":\"PropertyValueSpecification\",\"valueRequired\":true,\"valueName\":\"search_term_string\"}}],\"inLanguage\":\"fr-FR\"},{\"@type\":\"Organization\",\"@id\":\"https:\\\/\\\/www.lavillagardendesign.com\\\/#organization\",\"name\":\"La Villa Garden&Design\",\"url\":\"https:\\\/\\\/www.lavillagardendesign.com\\\/\",\"logo\":{\"@type\":\"ImageObject\",\"inLanguage\":\"fr-FR\",\"@id\":\"https:\\\/\\\/www.lavillagardendesign.com\\\/#\\\/schema\\\/logo\\\/image\\\/\",\"url\":\"https:\\\/\\\/www.lavillagardendesign.com\\\/wp-content\\\/uploads\\\/2024\\\/04\\\/logolavilla.png\",\"contentUrl\":\"https:\\\/\\\/www.lavillagardendesign.com\\\/wp-content\\\/uploads\\\/2024\\\/04\\\/logolavilla.png\",\"width\":682,\"height\":391,\"caption\":\"La Villa Garden&Design\"},\"image\":{\"@id\":\"https:\\\/\\\/www.lavillagardendesign.com\\\/#\\\/schema\\\/logo\\\/image\\\/\"},\"sameAs\":[\"https:\\\/\\\/www.facebook.com\\\/lavillagardendesign\\\/\"]}]}<\/script>\n<!-- \/ Yoast SEO plugin. -->","yoast_head_json":{"title":"MENORCA Canap\u00e9 3 places en aluminium blanc | La Villa Garden","description":"Canap\u00e9 de jardin MENORCA (194 cm). Structure en aluminium blanc durable et coussins en ol\u00e9fine hydrofuge. Id\u00e9al pour les terrasses modernes. Offre \u20ac1,290.","robots":{"index":"index","follow":"follow","max-snippet":"max-snippet:-1","max-image-preview":"max-image-preview:large","max-video-preview":"max-video-preview:-1"},"canonical":"https:\/\/www.lavillagardendesign.com\/fr\/product\/collection-menorca-canape-3-places\/","og_locale":"fr_FR","og_type":"article","og_title":"MENORCA Canap\u00e9 3 places en aluminium blanc | La Villa Garden","og_description":"Canap\u00e9 de jardin MENORCA (194 cm). Structure en aluminium blanc durable et coussins en ol\u00e9fine hydrofuge. Id\u00e9al pour les terrasses modernes. Offre \u20ac1,290.","og_url":"https:\/\/www.lavillagardendesign.com\/fr\/product\/collection-menorca-canape-3-places\/","og_site_name":"La Villa Garden&amp;Design","article_publisher":"https:\/\/www.facebook.com\/lavillagardendesign\/","article_modified_time":"2026-02-10T12:24:22+00:00","og_image":[{"width":700,"height":800,"url":"https:\/\/www.lavillagardendesign.com\/wp-content\/uploads\/2026\/01\/Design-sans-titre-6.png","type":"image\/png"}],"twitter_card":"summary_large_image","schema":{"@context":"https:\/\/schema.org","@graph":[{"@type":"WebPage","@id":"https:\/\/www.lavillagardendesign.com\/fr\/product\/collection-menorca-canape-3-places\/","url":"https:\/\/www.lavillagardendesign.com\/fr\/product\/collection-menorca-canape-3-places\/","name":"MENORCA Canap\u00e9 3 places en aluminium blanc | La Villa Garden","isPartOf":{"@id":"https:\/\/www.lavillagardendesign.com\/#website"},"primaryImageOfPage":{"@id":"https:\/\/www.lavillagardendesign.com\/fr\/product\/collection-menorca-canape-3-places\/#primaryimage"},"image":{"@id":"https:\/\/www.lavillagardendesign.com\/fr\/product\/collection-menorca-canape-3-places\/#primaryimage"},"thumbnailUrl":"https:\/\/www.lavillagardendesign.com\/wp-content\/uploads\/2026\/01\/Design-sans-titre-6.png","datePublished":"2026-01-29T11:13:52+00:00","dateModified":"2026-02-10T12:24:22+00:00","description":"Canap\u00e9 de jardin MENORCA (194 cm). Structure en aluminium blanc durable et coussins en ol\u00e9fine hydrofuge. Id\u00e9al pour les terrasses modernes. Offre \u20ac1,290.","breadcrumb":{"@id":"https:\/\/www.lavillagardendesign.com\/fr\/product\/collection-menorca-canape-3-places\/#breadcrumb"},"inLanguage":"fr-FR","potentialAction":[{"@type":"ReadAction","target":["https:\/\/www.lavillagardendesign.com\/fr\/product\/collection-menorca-canape-3-places\/"]}]},{"@type":"ImageObject","inLanguage":"fr-FR","@id":"https:\/\/www.lavillagardendesign.com\/fr\/product\/collection-menorca-canape-3-places\/#primaryimage","url":"https:\/\/www.lavillagardendesign.com\/wp-content\/uploads\/2026\/01\/Design-sans-titre-6.png","contentUrl":"https:\/\/www.lavillagardendesign.com\/wp-content\/uploads\/2026\/01\/Design-sans-titre-6.png","width":700,"height":800},{"@type":"BreadcrumbList","@id":"https:\/\/www.lavillagardendesign.com\/fr\/product\/collection-menorca-canape-3-places\/#breadcrumb","itemListElement":[{"@type":"ListItem","position":1,"name":"Home","item":"https:\/\/www.lavillagardendesign.com\/"},{"@type":"ListItem","position":2,"name":"Boutique","item":"https:\/\/www.lavillagardendesign.com\/fr\/boutique\/"},{"@type":"ListItem","position":3,"name":"COLLECTION MENORCA &#8211; Canap\u00e9 3 places"}]},{"@type":"WebSite","@id":"https:\/\/www.lavillagardendesign.com\/#website","url":"https:\/\/www.lavillagardendesign.com\/","name":"La Villa Garden&Design","description":"","publisher":{"@id":"https:\/\/www.lavillagardendesign.com\/#organization"},"potentialAction":[{"@type":"SearchAction","target":{"@type":"EntryPoint","urlTemplate":"https:\/\/www.lavillagardendesign.com\/?s={search_term_string}"},"query-input":{"@type":"PropertyValueSpecification","valueRequired":true,"valueName":"search_term_string"}}],"inLanguage":"fr-FR"},{"@type":"Organization","@id":"https:\/\/www.lavillagardendesign.com\/#organization","name":"La Villa Garden&Design","url":"https:\/\/www.lavillagardendesign.com\/","logo":{"@type":"ImageObject","inLanguage":"fr-FR","@id":"https:\/\/www.lavillagardendesign.com\/#\/schema\/logo\/image\/","url":"https:\/\/www.lavillagardendesign.com\/wp-content\/uploads\/2024\/04\/logolavilla.png","contentUrl":"https:\/\/www.lavillagardendesign.com\/wp-content\/uploads\/2024\/04\/logolavilla.png","width":682,"height":391,"caption":"La Villa Garden&Design"},"image":{"@id":"https:\/\/www.lavillagardendesign.com\/#\/schema\/logo\/image\/"},"sameAs":["https:\/\/www.facebook.com\/lavillagardendesign\/"]}]}},"_links":{"self":[{"href":"https:\/\/www.lavillagardendesign.com\/fr\/wp-json\/wp\/v2\/product\/61307","targetHints":{"allow":["GET"]}}],"collection":[{"href":"https:\/\/www.lavillagardendesign.com\/fr\/wp-json\/wp\/v2\/product"}],"about":[{"href":"https:\/\/www.lavillagardendesign.com\/fr\/wp-json\/wp\/v2\/types\/product"}],"replies":[{"embeddable":true,"href":"https:\/\/www.lavillagardendesign.com\/fr\/wp-json\/wp\/v2\/comments?post=61307"}],"version-history":[{"count":1,"href":"https:\/\/www.lavillagardendesign.com\/fr\/wp-json\/wp\/v2\/product\/61307\/revisions"}],"predecessor-version":[{"id":61310,"href":"https:\/\/www.lavillagardendesign.com\/fr\/wp-json\/wp\/v2\/product\/61307\/revisions\/61310"}],"wp:featuredmedia":[{"embeddable":true,"href":"https:\/\/www.lavillagardendesign.com\/fr\/wp-json\/wp\/v2\/media\/61253"}],"wp:attachment":[{"href":"https:\/\/www.lavillagardendesign.com\/fr\/wp-json\/wp\/v2\/media?parent=61307"}],"wp:term":[{"taxonomy":"product_brand","embeddable":true,"href":"https:\/\/www.lavillagardendesign.com\/fr\/wp-json\/wp\/v2\/product_brand?post=61307"},{"taxonomy":"product_cat","embeddable":true,"href":"https:\/\/www.lavillagardendesign.com\/fr\/wp-json\/wp\/v2\/product_cat?post=61307"},{"taxonomy":"product_tag","embeddable":true,"href":"https:\/\/www.lavillagardendesign.com\/fr\/wp-json\/wp\/v2\/product_tag?post=61307"}],"curies":[{"name":"wp","href":"https:\/\/api.w.org\/{rel}","templated":true}]}}

COLLECTION MENORCA &#8211; Canapé 3 places

<p>Captez la lumière et la sérénité de la Méditerranée avec le canapé <span class="il">MENORCA</span>. Ce modèle 3 places se distingue par ses lignes épurées et sa structure <b>en aluminium thermolaqué polyester</b> blanc pur, conçue pour résister au sel et à l&rsquo;humidité sans perdre de son éclat. Son dossier haut (84 cm) offre un excellent soutien, tandis que les accoudoirs de 61 cm permettent une position détendue. Le confort est garanti par les coussins amovibles en <b>tissu Olefinfabric</b>(100% polypropylène), un matériau très performant qui repousse l&rsquo;eau et résiste aux taches, idéal pour une utilisation extérieure sans souci.   </p>
<ul>
<li>Longueur : 194 cm (Compact 3 places)</li>
<li>Profondeur : 78 cm</li>
<li>Hauteur totale : 84 cm</li>
<li>Hauteur du siège : 43 cm</li>
<li>Hauteur des accoudoirs : 61 cm</li>
</ul>

<!-- This site is optimized with the Yoast SEO plugin v27.4 - https://yoast.com/product/yoast-seo-wordpress/ -->
<title>MENORCA Canapé 3 places en aluminium blanc | La Villa Garden</title>
<meta name="description" content="Canapé de jardin MENORCA (194 cm). Structure en aluminium blanc durable et coussins en oléfine hydrofuge. Idéal pour les terrasses modernes. Offre €1,290." />
<meta name="robots" content="index, follow, max-snippet:-1, max-image-preview:large, max-video-preview:-1" />
<link rel="canonical" href="https://www.lavillagardendesign.com/fr/product/collection-menorca-canape-3-places/" />
<meta property="og:locale" content="fr_FR" />
<meta property="og:type" content="article" />
<meta property="og:title" content="MENORCA Canapé 3 places en aluminium blanc | La Villa Garden" />
<meta property="og:description" content="Canapé de jardin MENORCA (194 cm). Structure en aluminium blanc durable et coussins en oléfine hydrofuge. Idéal pour les terrasses modernes. Offre €1,290." />
<meta property="og:url" content="https://www.lavillagardendesign.com/fr/product/collection-menorca-canape-3-places/" />
<meta property="og:site_name" content="La Villa Garden&amp;Design" />
<meta property="article:publisher" content="https://www.facebook.com/lavillagardendesign/" />
<meta property="article:modified_time" content="2026-02-10T12:24:22+00:00" />
<meta property="og:image" content="https://www.lavillagardendesign.com/wp-content/uploads/2026/01/Design-sans-titre-6.png" />
	<meta property="og:image:width" content="700" />
	<meta property="og:image:height" content="800" />
	<meta property="og:image:type" content="image/png" />
<meta name="twitter:card" content="summary_large_image" />
<script type="application/ld+json" class="yoast-schema-graph">{"@context":"https:\/\/schema.org","@graph":[{"@type":"WebPage","@id":"https:\/\/www.lavillagardendesign.com\/fr\/product\/collection-menorca-canape-3-places\/","url":"https:\/\/www.lavillagardendesign.com\/fr\/product\/collection-menorca-canape-3-places\/","name":"MENORCA Canapé 3 places en aluminium blanc | La Villa Garden","isPartOf":{"@id":"https:\/\/www.lavillagardendesign.com\/#website"},"primaryImageOfPage":{"@id":"https:\/\/www.lavillagardendesign.com\/fr\/product\/collection-menorca-canape-3-places\/#primaryimage"},"image":{"@id":"https:\/\/www.lavillagardendesign.com\/fr\/product\/collection-menorca-canape-3-places\/#primaryimage"},"thumbnailUrl":"https:\/\/www.lavillagardendesign.com\/wp-content\/uploads\/2026\/01\/Design-sans-titre-6.png","datePublished":"2026-01-29T11:13:52+00:00","dateModified":"2026-02-10T12:24:22+00:00","description":"Canapé de jardin MENORCA (194 cm). Structure en aluminium blanc durable et coussins en oléfine hydrofuge. Idéal pour les terrasses modernes. Offre €1,290.","breadcrumb":{"@id":"https:\/\/www.lavillagardendesign.com\/fr\/product\/collection-menorca-canape-3-places\/#breadcrumb"},"inLanguage":"fr-FR","potentialAction":[{"@type":"ReadAction","target":["https:\/\/www.lavillagardendesign.com\/fr\/product\/collection-menorca-canape-3-places\/"]}]},{"@type":"ImageObject","inLanguage":"fr-FR","@id":"https:\/\/www.lavillagardendesign.com\/fr\/product\/collection-menorca-canape-3-places\/#primaryimage","url":"https:\/\/www.lavillagardendesign.com\/wp-content\/uploads\/2026\/01\/Design-sans-titre-6.png","contentUrl":"https:\/\/www.lavillagardendesign.com\/wp-content\/uploads\/2026\/01\/Design-sans-titre-6.png","width":700,"height":800},{"@type":"BreadcrumbList","@id":"https:\/\/www.lavillagardendesign.com\/fr\/product\/collection-menorca-canape-3-places\/#breadcrumb","itemListElement":[{"@type":"ListItem","position":1,"name":"Home","item":"https:\/\/www.lavillagardendesign.com\/"},{"@type":"ListItem","position":2,"name":"Boutique","item":"https:\/\/www.lavillagardendesign.com\/fr\/boutique\/"},{"@type":"ListItem","position":3,"name":"COLLECTION MENORCA &#8211; Canapé 3 places"}]},{"@type":"WebSite","@id":"https:\/\/www.lavillagardendesign.com\/#website","url":"https:\/\/www.lavillagardendesign.com\/","name":"La Villa Garden&Design","description":"","publisher":{"@id":"https:\/\/www.lavillagardendesign.com\/#organization"},"potentialAction":[{"@type":"SearchAction","target":{"@type":"EntryPoint","urlTemplate":"https:\/\/www.lavillagardendesign.com\/?s={search_term_string}"},"query-input":{"@type":"PropertyValueSpecification","valueRequired":true,"valueName":"search_term_string"}}],"inLanguage":"fr-FR"},{"@type":"Organization","@id":"https:\/\/www.lavillagardendesign.com\/#organization","name":"La Villa Garden&Design","url":"https:\/\/www.lavillagardendesign.com\/","logo":{"@type":"ImageObject","inLanguage":"fr-FR","@id":"https:\/\/www.lavillagardendesign.com\/#\/schema\/logo\/image\/","url":"https:\/\/www.lavillagardendesign.com\/wp-content\/uploads\/2024\/04\/logolavilla.png","contentUrl":"https:\/\/www.lavillagardendesign.com\/wp-content\/uploads\/2024\/04\/logolavilla.png","width":682,"height":391,"caption":"La Villa Garden&Design"},"image":{"@id":"https:\/\/www.lavillagardendesign.com\/#\/schema\/logo\/image\/"},"sameAs":["https:\/\/www.facebook.com\/lavillagardendesign\/"]}]}</script>
<!-- / Yoast SEO plugin. -->

MENORCA Canapé 3 places en aluminium blanc | La Villa Garden

Canapé de jardin MENORCA (194 cm). Structure en aluminium blanc durable et coussins en oléfine hydrofuge. Idéal pour les terrasses modernes. Offre €1,290.
