{"id":59992,"date":"2025-12-28T12:41:46","date_gmt":"2025-12-28T11:41:46","guid":{"rendered":"https:\/\/www.lavillagardendesign.com\/product\/inca-table-basse-modulaire-connecteur\/"},"modified":"2026-02-10T14:45:15","modified_gmt":"2026-02-10T12:45:15","slug":"inca-table-basse-modulaire-connecteur","status":"publish","type":"product","link":"https:\/\/www.lavillagardendesign.com\/fr\/product\/inca-table-basse-modulaire-connecteur\/","title":{"rendered":"INCA &#8211; Table basse modulaire"},"content":{"rendered":"","protected":false},"excerpt":{"rendered":"<p>Lib\u00e9rez tout le potentiel cr\u00e9atif de votre terrasse avec la table d&rsquo;appoint modulaire INCA. Cette pi\u00e8ce polyvalente est la cl\u00e9 de la personnalisation : con\u00e7ue comme une plate-forme de connexion basse (24 cm de hauteur), elle peut \u00eatre utilis\u00e9e comme table basse minimaliste ou ins\u00e9r\u00e9e entre les modules du canap\u00e9 INCA pour cr\u00e9er des s\u00e9parations fonctionnelles et des surfaces d&rsquo;appui int\u00e9gr\u00e9es. Fabriqu\u00e9e enti\u00e8rement en aluminium rev\u00eatu de poudre de polyester White WG, elle offre une r\u00e9sistance totale \u00e0 la corrosion et ne n\u00e9cessite pratiquement pas d&rsquo;entretien. Son design \u00e0 lattes permet une \u00e9vacuation rapide de l&rsquo;eau et offre une esth\u00e9tique l\u00e9g\u00e8re et architecturale qui s&rsquo;harmonise parfaitement avec les volumes du canap\u00e9.   <\/p>\n","protected":false},"featured_media":59644,"comment_status":"open","ping_status":"closed","template":"","meta":[],"product_brand":[4998],"product_cat":[6832,5658,2944,2945],"product_tag":[],"class_list":{"0":"post-59992","1":"product","2":"type-product","3":"status-publish","4":"has-post-thumbnail","6":"product_brand-la-villa","7":"product_cat-outdoor-fr","8":"product_cat-promos-web","9":"product_cat-tables-fr","10":"product_cat-tables-basses","12":"first","13":"instock","14":"sale","15":"taxable","16":"shipping-taxable","17":"purchasable","18":"product-type-simple"},"yoast_head":"<!-- This site is optimized with the Yoast SEO plugin v27.4 - https:\/\/yoast.com\/product\/yoast-seo-wordpress\/ -->\n<title>INCA - Table basse modulaire - La Villa Garden&amp;Design<\/title>\n<meta name=\"description\" content=\"Table d&#039;appoint modulable et connecteur pour le canap\u00e9 INCA. Aluminium blanc. Dimensions 73x73x24cm. Id\u00e9al pour les am\u00e9nagements de luxe personnalis\u00e9s. La Villa Garden&amp;Design.\" \/>\n<meta name=\"robots\" content=\"index, follow, max-snippet:-1, max-image-preview:large, max-video-preview:-1\" \/>\n<link rel=\"canonical\" href=\"https:\/\/www.lavillagardendesign.com\/fr\/product\/inca-table-basse-modulaire-connecteur\/\" \/>\n<meta property=\"og:locale\" content=\"fr_FR\" \/>\n<meta property=\"og:type\" content=\"article\" \/>\n<meta property=\"og:title\" content=\"INCA - Table basse modulaire - La Villa Garden&amp;Design\" \/>\n<meta property=\"og:description\" content=\"Table d&#039;appoint modulable et connecteur pour le canap\u00e9 INCA. Aluminium blanc. Dimensions 73x73x24cm. Id\u00e9al pour les am\u00e9nagements de luxe personnalis\u00e9s. La Villa Garden&amp;Design.\" \/>\n<meta property=\"og:url\" content=\"https:\/\/www.lavillagardendesign.com\/fr\/product\/inca-table-basse-modulaire-connecteur\/\" \/>\n<meta property=\"og:site_name\" content=\"La Villa Garden&amp;Design\" \/>\n<meta property=\"article:publisher\" content=\"https:\/\/www.facebook.com\/lavillagardendesign\/\" \/>\n<meta property=\"article:modified_time\" content=\"2026-02-10T12:45:15+00:00\" \/>\n<meta property=\"og:image\" content=\"https:\/\/www.lavillagardendesign.com\/wp-content\/uploads\/2025\/12\/19.png\" \/>\n\t<meta property=\"og:image:width\" content=\"700\" \/>\n\t<meta property=\"og:image:height\" content=\"800\" \/>\n\t<meta property=\"og:image:type\" content=\"image\/png\" \/>\n<meta name=\"twitter:card\" content=\"summary_large_image\" \/>\n<script type=\"application\/ld+json\" class=\"yoast-schema-graph\">{\"@context\":\"https:\\\/\\\/schema.org\",\"@graph\":[{\"@type\":\"WebPage\",\"@id\":\"https:\\\/\\\/www.lavillagardendesign.com\\\/fr\\\/product\\\/inca-table-basse-modulaire-connecteur\\\/\",\"url\":\"https:\\\/\\\/www.lavillagardendesign.com\\\/fr\\\/product\\\/inca-table-basse-modulaire-connecteur\\\/\",\"name\":\"INCA - Table basse modulaire - La Villa Garden&amp;Design\",\"isPartOf\":{\"@id\":\"https:\\\/\\\/www.lavillagardendesign.com\\\/#website\"},\"primaryImageOfPage\":{\"@id\":\"https:\\\/\\\/www.lavillagardendesign.com\\\/fr\\\/product\\\/inca-table-basse-modulaire-connecteur\\\/#primaryimage\"},\"image\":{\"@id\":\"https:\\\/\\\/www.lavillagardendesign.com\\\/fr\\\/product\\\/inca-table-basse-modulaire-connecteur\\\/#primaryimage\"},\"thumbnailUrl\":\"https:\\\/\\\/www.lavillagardendesign.com\\\/wp-content\\\/uploads\\\/2025\\\/12\\\/19.png\",\"datePublished\":\"2025-12-28T11:41:46+00:00\",\"dateModified\":\"2026-02-10T12:45:15+00:00\",\"description\":\"Table d'appoint modulable et connecteur pour le canap\u00e9 INCA. Aluminium blanc. Dimensions 73x73x24cm. Id\u00e9al pour les am\u00e9nagements de luxe personnalis\u00e9s. La Villa Garden&Design.\",\"breadcrumb\":{\"@id\":\"https:\\\/\\\/www.lavillagardendesign.com\\\/fr\\\/product\\\/inca-table-basse-modulaire-connecteur\\\/#breadcrumb\"},\"inLanguage\":\"fr-FR\",\"potentialAction\":[{\"@type\":\"ReadAction\",\"target\":[\"https:\\\/\\\/www.lavillagardendesign.com\\\/fr\\\/product\\\/inca-table-basse-modulaire-connecteur\\\/\"]}]},{\"@type\":\"ImageObject\",\"inLanguage\":\"fr-FR\",\"@id\":\"https:\\\/\\\/www.lavillagardendesign.com\\\/fr\\\/product\\\/inca-table-basse-modulaire-connecteur\\\/#primaryimage\",\"url\":\"https:\\\/\\\/www.lavillagardendesign.com\\\/wp-content\\\/uploads\\\/2025\\\/12\\\/19.png\",\"contentUrl\":\"https:\\\/\\\/www.lavillagardendesign.com\\\/wp-content\\\/uploads\\\/2025\\\/12\\\/19.png\",\"width\":700,\"height\":800},{\"@type\":\"BreadcrumbList\",\"@id\":\"https:\\\/\\\/www.lavillagardendesign.com\\\/fr\\\/product\\\/inca-table-basse-modulaire-connecteur\\\/#breadcrumb\",\"itemListElement\":[{\"@type\":\"ListItem\",\"position\":1,\"name\":\"Home\",\"item\":\"https:\\\/\\\/www.lavillagardendesign.com\\\/\"},{\"@type\":\"ListItem\",\"position\":2,\"name\":\"Boutique\",\"item\":\"https:\\\/\\\/www.lavillagardendesign.com\\\/fr\\\/boutique\\\/\"},{\"@type\":\"ListItem\",\"position\":3,\"name\":\"INCA &#8211; Table basse modulaire\"}]},{\"@type\":\"WebSite\",\"@id\":\"https:\\\/\\\/www.lavillagardendesign.com\\\/#website\",\"url\":\"https:\\\/\\\/www.lavillagardendesign.com\\\/\",\"name\":\"La Villa Garden&Design\",\"description\":\"\",\"publisher\":{\"@id\":\"https:\\\/\\\/www.lavillagardendesign.com\\\/#organization\"},\"potentialAction\":[{\"@type\":\"SearchAction\",\"target\":{\"@type\":\"EntryPoint\",\"urlTemplate\":\"https:\\\/\\\/www.lavillagardendesign.com\\\/?s={search_term_string}\"},\"query-input\":{\"@type\":\"PropertyValueSpecification\",\"valueRequired\":true,\"valueName\":\"search_term_string\"}}],\"inLanguage\":\"fr-FR\"},{\"@type\":\"Organization\",\"@id\":\"https:\\\/\\\/www.lavillagardendesign.com\\\/#organization\",\"name\":\"La Villa Garden&Design\",\"url\":\"https:\\\/\\\/www.lavillagardendesign.com\\\/\",\"logo\":{\"@type\":\"ImageObject\",\"inLanguage\":\"fr-FR\",\"@id\":\"https:\\\/\\\/www.lavillagardendesign.com\\\/#\\\/schema\\\/logo\\\/image\\\/\",\"url\":\"https:\\\/\\\/www.lavillagardendesign.com\\\/wp-content\\\/uploads\\\/2024\\\/04\\\/logolavilla.png\",\"contentUrl\":\"https:\\\/\\\/www.lavillagardendesign.com\\\/wp-content\\\/uploads\\\/2024\\\/04\\\/logolavilla.png\",\"width\":682,\"height\":391,\"caption\":\"La Villa Garden&Design\"},\"image\":{\"@id\":\"https:\\\/\\\/www.lavillagardendesign.com\\\/#\\\/schema\\\/logo\\\/image\\\/\"},\"sameAs\":[\"https:\\\/\\\/www.facebook.com\\\/lavillagardendesign\\\/\"]}]}<\/script>\n<!-- \/ Yoast SEO plugin. -->","yoast_head_json":{"title":"INCA - Table basse modulaire - La Villa Garden&amp;Design","description":"Table d'appoint modulable et connecteur pour le canap\u00e9 INCA. Aluminium blanc. Dimensions 73x73x24cm. Id\u00e9al pour les am\u00e9nagements de luxe personnalis\u00e9s. La Villa Garden&Design.","robots":{"index":"index","follow":"follow","max-snippet":"max-snippet:-1","max-image-preview":"max-image-preview:large","max-video-preview":"max-video-preview:-1"},"canonical":"https:\/\/www.lavillagardendesign.com\/fr\/product\/inca-table-basse-modulaire-connecteur\/","og_locale":"fr_FR","og_type":"article","og_title":"INCA - Table basse modulaire - La Villa Garden&amp;Design","og_description":"Table d'appoint modulable et connecteur pour le canap\u00e9 INCA. Aluminium blanc. Dimensions 73x73x24cm. Id\u00e9al pour les am\u00e9nagements de luxe personnalis\u00e9s. La Villa Garden&Design.","og_url":"https:\/\/www.lavillagardendesign.com\/fr\/product\/inca-table-basse-modulaire-connecteur\/","og_site_name":"La Villa Garden&amp;Design","article_publisher":"https:\/\/www.facebook.com\/lavillagardendesign\/","article_modified_time":"2026-02-10T12:45:15+00:00","og_image":[{"width":700,"height":800,"url":"https:\/\/www.lavillagardendesign.com\/wp-content\/uploads\/2025\/12\/19.png","type":"image\/png"}],"twitter_card":"summary_large_image","schema":{"@context":"https:\/\/schema.org","@graph":[{"@type":"WebPage","@id":"https:\/\/www.lavillagardendesign.com\/fr\/product\/inca-table-basse-modulaire-connecteur\/","url":"https:\/\/www.lavillagardendesign.com\/fr\/product\/inca-table-basse-modulaire-connecteur\/","name":"INCA - Table basse modulaire - La Villa Garden&amp;Design","isPartOf":{"@id":"https:\/\/www.lavillagardendesign.com\/#website"},"primaryImageOfPage":{"@id":"https:\/\/www.lavillagardendesign.com\/fr\/product\/inca-table-basse-modulaire-connecteur\/#primaryimage"},"image":{"@id":"https:\/\/www.lavillagardendesign.com\/fr\/product\/inca-table-basse-modulaire-connecteur\/#primaryimage"},"thumbnailUrl":"https:\/\/www.lavillagardendesign.com\/wp-content\/uploads\/2025\/12\/19.png","datePublished":"2025-12-28T11:41:46+00:00","dateModified":"2026-02-10T12:45:15+00:00","description":"Table d'appoint modulable et connecteur pour le canap\u00e9 INCA. Aluminium blanc. Dimensions 73x73x24cm. Id\u00e9al pour les am\u00e9nagements de luxe personnalis\u00e9s. La Villa Garden&Design.","breadcrumb":{"@id":"https:\/\/www.lavillagardendesign.com\/fr\/product\/inca-table-basse-modulaire-connecteur\/#breadcrumb"},"inLanguage":"fr-FR","potentialAction":[{"@type":"ReadAction","target":["https:\/\/www.lavillagardendesign.com\/fr\/product\/inca-table-basse-modulaire-connecteur\/"]}]},{"@type":"ImageObject","inLanguage":"fr-FR","@id":"https:\/\/www.lavillagardendesign.com\/fr\/product\/inca-table-basse-modulaire-connecteur\/#primaryimage","url":"https:\/\/www.lavillagardendesign.com\/wp-content\/uploads\/2025\/12\/19.png","contentUrl":"https:\/\/www.lavillagardendesign.com\/wp-content\/uploads\/2025\/12\/19.png","width":700,"height":800},{"@type":"BreadcrumbList","@id":"https:\/\/www.lavillagardendesign.com\/fr\/product\/inca-table-basse-modulaire-connecteur\/#breadcrumb","itemListElement":[{"@type":"ListItem","position":1,"name":"Home","item":"https:\/\/www.lavillagardendesign.com\/"},{"@type":"ListItem","position":2,"name":"Boutique","item":"https:\/\/www.lavillagardendesign.com\/fr\/boutique\/"},{"@type":"ListItem","position":3,"name":"INCA &#8211; Table basse modulaire"}]},{"@type":"WebSite","@id":"https:\/\/www.lavillagardendesign.com\/#website","url":"https:\/\/www.lavillagardendesign.com\/","name":"La Villa Garden&Design","description":"","publisher":{"@id":"https:\/\/www.lavillagardendesign.com\/#organization"},"potentialAction":[{"@type":"SearchAction","target":{"@type":"EntryPoint","urlTemplate":"https:\/\/www.lavillagardendesign.com\/?s={search_term_string}"},"query-input":{"@type":"PropertyValueSpecification","valueRequired":true,"valueName":"search_term_string"}}],"inLanguage":"fr-FR"},{"@type":"Organization","@id":"https:\/\/www.lavillagardendesign.com\/#organization","name":"La Villa Garden&Design","url":"https:\/\/www.lavillagardendesign.com\/","logo":{"@type":"ImageObject","inLanguage":"fr-FR","@id":"https:\/\/www.lavillagardendesign.com\/#\/schema\/logo\/image\/","url":"https:\/\/www.lavillagardendesign.com\/wp-content\/uploads\/2024\/04\/logolavilla.png","contentUrl":"https:\/\/www.lavillagardendesign.com\/wp-content\/uploads\/2024\/04\/logolavilla.png","width":682,"height":391,"caption":"La Villa Garden&Design"},"image":{"@id":"https:\/\/www.lavillagardendesign.com\/#\/schema\/logo\/image\/"},"sameAs":["https:\/\/www.facebook.com\/lavillagardendesign\/"]}]}},"_links":{"self":[{"href":"https:\/\/www.lavillagardendesign.com\/fr\/wp-json\/wp\/v2\/product\/59992","targetHints":{"allow":["GET"]}}],"collection":[{"href":"https:\/\/www.lavillagardendesign.com\/fr\/wp-json\/wp\/v2\/product"}],"about":[{"href":"https:\/\/www.lavillagardendesign.com\/fr\/wp-json\/wp\/v2\/types\/product"}],"replies":[{"embeddable":true,"href":"https:\/\/www.lavillagardendesign.com\/fr\/wp-json\/wp\/v2\/comments?post=59992"}],"version-history":[{"count":2,"href":"https:\/\/www.lavillagardendesign.com\/fr\/wp-json\/wp\/v2\/product\/59992\/revisions"}],"predecessor-version":[{"id":62853,"href":"https:\/\/www.lavillagardendesign.com\/fr\/wp-json\/wp\/v2\/product\/59992\/revisions\/62853"}],"wp:featuredmedia":[{"embeddable":true,"href":"https:\/\/www.lavillagardendesign.com\/fr\/wp-json\/wp\/v2\/media\/59644"}],"wp:attachment":[{"href":"https:\/\/www.lavillagardendesign.com\/fr\/wp-json\/wp\/v2\/media?parent=59992"}],"wp:term":[{"taxonomy":"product_brand","embeddable":true,"href":"https:\/\/www.lavillagardendesign.com\/fr\/wp-json\/wp\/v2\/product_brand?post=59992"},{"taxonomy":"product_cat","embeddable":true,"href":"https:\/\/www.lavillagardendesign.com\/fr\/wp-json\/wp\/v2\/product_cat?post=59992"},{"taxonomy":"product_tag","embeddable":true,"href":"https:\/\/www.lavillagardendesign.com\/fr\/wp-json\/wp\/v2\/product_tag?post=59992"}],"curies":[{"name":"wp","href":"https:\/\/api.w.org\/{rel}","templated":true}]}}

<p>Libérez tout le potentiel créatif de votre terrasse avec la table d&rsquo;appoint modulaire INCA. Cette pièce polyvalente est la clé de la personnalisation : conçue comme une plate-forme de connexion basse (24 cm de hauteur), elle peut être utilisée comme table basse minimaliste ou insérée entre les modules du canapé INCA pour créer des séparations fonctionnelles et des surfaces d&rsquo;appui intégrées. Fabriquée entièrement en aluminium revêtu de poudre de polyester White WG, elle offre une résistance totale à la corrosion et ne nécessite pratiquement pas d&rsquo;entretien. Son design à lattes permet une évacuation rapide de l&rsquo;eau et offre une esthétique légère et architecturale qui s&rsquo;harmonise parfaitement avec les volumes du canapé.   </p>

<!-- This site is optimized with the Yoast SEO plugin v27.4 - https://yoast.com/product/yoast-seo-wordpress/ -->
<title>INCA - Table basse modulaire - La Villa Garden&amp;Design</title>
<meta name="description" content="Table d&#039;appoint modulable et connecteur pour le canapé INCA. Aluminium blanc. Dimensions 73x73x24cm. Idéal pour les aménagements de luxe personnalisés. La Villa Garden&amp;Design." />
<meta name="robots" content="index, follow, max-snippet:-1, max-image-preview:large, max-video-preview:-1" />
<link rel="canonical" href="https://www.lavillagardendesign.com/fr/product/inca-table-basse-modulaire-connecteur/" />
<meta property="og:locale" content="fr_FR" />
<meta property="og:type" content="article" />
<meta property="og:title" content="INCA - Table basse modulaire - La Villa Garden&amp;Design" />
<meta property="og:description" content="Table d&#039;appoint modulable et connecteur pour le canapé INCA. Aluminium blanc. Dimensions 73x73x24cm. Idéal pour les aménagements de luxe personnalisés. La Villa Garden&amp;Design." />
<meta property="og:url" content="https://www.lavillagardendesign.com/fr/product/inca-table-basse-modulaire-connecteur/" />
<meta property="og:site_name" content="La Villa Garden&amp;Design" />
<meta property="article:publisher" content="https://www.facebook.com/lavillagardendesign/" />
<meta property="article:modified_time" content="2026-02-10T12:45:15+00:00" />
<meta property="og:image" content="https://www.lavillagardendesign.com/wp-content/uploads/2025/12/19.png" />
	<meta property="og:image:width" content="700" />
	<meta property="og:image:height" content="800" />
	<meta property="og:image:type" content="image/png" />
<meta name="twitter:card" content="summary_large_image" />
<script type="application/ld+json" class="yoast-schema-graph">{"@context":"https:\/\/schema.org","@graph":[{"@type":"WebPage","@id":"https:\/\/www.lavillagardendesign.com\/fr\/product\/inca-table-basse-modulaire-connecteur\/","url":"https:\/\/www.lavillagardendesign.com\/fr\/product\/inca-table-basse-modulaire-connecteur\/","name":"INCA - Table basse modulaire - La Villa Garden&amp;Design","isPartOf":{"@id":"https:\/\/www.lavillagardendesign.com\/#website"},"primaryImageOfPage":{"@id":"https:\/\/www.lavillagardendesign.com\/fr\/product\/inca-table-basse-modulaire-connecteur\/#primaryimage"},"image":{"@id":"https:\/\/www.lavillagardendesign.com\/fr\/product\/inca-table-basse-modulaire-connecteur\/#primaryimage"},"thumbnailUrl":"https:\/\/www.lavillagardendesign.com\/wp-content\/uploads\/2025\/12\/19.png","datePublished":"2025-12-28T11:41:46+00:00","dateModified":"2026-02-10T12:45:15+00:00","description":"Table d'appoint modulable et connecteur pour le canapé INCA. Aluminium blanc. Dimensions 73x73x24cm. Idéal pour les aménagements de luxe personnalisés. La Villa Garden&Design.","breadcrumb":{"@id":"https:\/\/www.lavillagardendesign.com\/fr\/product\/inca-table-basse-modulaire-connecteur\/#breadcrumb"},"inLanguage":"fr-FR","potentialAction":[{"@type":"ReadAction","target":["https:\/\/www.lavillagardendesign.com\/fr\/product\/inca-table-basse-modulaire-connecteur\/"]}]},{"@type":"ImageObject","inLanguage":"fr-FR","@id":"https:\/\/www.lavillagardendesign.com\/fr\/product\/inca-table-basse-modulaire-connecteur\/#primaryimage","url":"https:\/\/www.lavillagardendesign.com\/wp-content\/uploads\/2025\/12\/19.png","contentUrl":"https:\/\/www.lavillagardendesign.com\/wp-content\/uploads\/2025\/12\/19.png","width":700,"height":800},{"@type":"BreadcrumbList","@id":"https:\/\/www.lavillagardendesign.com\/fr\/product\/inca-table-basse-modulaire-connecteur\/#breadcrumb","itemListElement":[{"@type":"ListItem","position":1,"name":"Home","item":"https:\/\/www.lavillagardendesign.com\/"},{"@type":"ListItem","position":2,"name":"Boutique","item":"https:\/\/www.lavillagardendesign.com\/fr\/boutique\/"},{"@type":"ListItem","position":3,"name":"INCA &#8211; Table basse modulaire"}]},{"@type":"WebSite","@id":"https:\/\/www.lavillagardendesign.com\/#website","url":"https:\/\/www.lavillagardendesign.com\/","name":"La Villa Garden&Design","description":"","publisher":{"@id":"https:\/\/www.lavillagardendesign.com\/#organization"},"potentialAction":[{"@type":"SearchAction","target":{"@type":"EntryPoint","urlTemplate":"https:\/\/www.lavillagardendesign.com\/?s={search_term_string}"},"query-input":{"@type":"PropertyValueSpecification","valueRequired":true,"valueName":"search_term_string"}}],"inLanguage":"fr-FR"},{"@type":"Organization","@id":"https:\/\/www.lavillagardendesign.com\/#organization","name":"La Villa Garden&Design","url":"https:\/\/www.lavillagardendesign.com\/","logo":{"@type":"ImageObject","inLanguage":"fr-FR","@id":"https:\/\/www.lavillagardendesign.com\/#\/schema\/logo\/image\/","url":"https:\/\/www.lavillagardendesign.com\/wp-content\/uploads\/2024\/04\/logolavilla.png","contentUrl":"https:\/\/www.lavillagardendesign.com\/wp-content\/uploads\/2024\/04\/logolavilla.png","width":682,"height":391,"caption":"La Villa Garden&Design"},"image":{"@id":"https:\/\/www.lavillagardendesign.com\/#\/schema\/logo\/image\/"},"sameAs":["https:\/\/www.facebook.com\/lavillagardendesign\/"]}]}</script>
<!-- / Yoast SEO plugin. -->

Table d'appoint modulable et connecteur pour le canapé INCA. Aluminium blanc. Dimensions 73x73x24cm. Idéal pour les aménagements de luxe personnalisés. La Villa Garden&Design.
