{"id":53159,"date":"2025-04-05T18:04:37","date_gmt":"2025-04-05T17:04:37","guid":{"rendered":"https:\/\/www.lavillagardendesign.com\/product\/mito-lit-de-jour-rond-en-aluminium\/"},"modified":"2026-02-23T11:41:14","modified_gmt":"2026-02-23T09:41:14","slug":"mito-lit-de-jour-rond-en-aluminium","status":"publish","type":"product","link":"https:\/\/www.lavillagardendesign.com\/fr\/product\/mito-lit-de-jour-rond-en-aluminium\/","title":{"rendered":"MITO &#8211; Lit de jour rond en aluminium"},"content":{"rendered":"","protected":false},"excerpt":{"rendered":"<p>Le lit de jour rond MITO se distingue par son esth\u00e9tique moderne et l&rsquo;utilisation de la corde synth\u00e9tique, un mat\u00e9riau innovant qui allie durabilit\u00e9 et design artisanal. Disponible en deux couleurs, il ajoute une touche d&rsquo;\u00e9l\u00e9gance \u00e0 votre espace ext\u00e9rieur ou int\u00e9rieur. Dimensions : 162 x 171 x 81 cm : 162 x 171 x 81 cm.  <\/p>\n","protected":false},"featured_media":53128,"comment_status":"open","ping_status":"closed","template":"","meta":[],"product_brand":[5001],"product_cat":[2938,2939,6832,5658],"product_tag":[],"class_list":{"0":"post-53159","1":"product","2":"type-product","3":"status-publish","4":"has-post-thumbnail","6":"product_brand-la-villa-garden","7":"product_cat-bains-de-soleil","8":"product_cat-lits-dexterieur","9":"product_cat-outdoor-fr","10":"product_cat-promos-web","12":"first","13":"instock","14":"sale","15":"taxable","16":"shipping-taxable","17":"purchasable","18":"product-type-variable"},"yoast_head":"<!-- This site is optimized with the Yoast SEO plugin v27.4 - https:\/\/yoast.com\/product\/yoast-seo-wordpress\/ -->\n<title>MITO - Lit de jour rond en aluminium avec corde synth\u00e9tique<\/title>\n<meta name=\"description\" content=\"D\u00e9couvrez le lit de jour rond MITO : design moderne en aluminium avec corde synth\u00e9tique. Disponible en deux couleurs. Dimensions : 162 x 171 x 81 cm : 162 x 171 x 81 cm.\" \/>\n<meta name=\"robots\" content=\"index, follow, max-snippet:-1, max-image-preview:large, max-video-preview:-1\" \/>\n<link rel=\"canonical\" href=\"https:\/\/www.lavillagardendesign.com\/fr\/product\/mito-lit-de-jour-rond-en-aluminium\/\" \/>\n<meta property=\"og:locale\" content=\"fr_FR\" \/>\n<meta property=\"og:type\" content=\"article\" \/>\n<meta property=\"og:title\" content=\"MITO - Lit de jour rond en aluminium avec corde synth\u00e9tique\" \/>\n<meta property=\"og:description\" content=\"D\u00e9couvrez le lit de jour rond MITO : design moderne en aluminium avec corde synth\u00e9tique. Disponible en deux couleurs. Dimensions : 162 x 171 x 81 cm : 162 x 171 x 81 cm.\" \/>\n<meta property=\"og:url\" content=\"https:\/\/www.lavillagardendesign.com\/fr\/product\/mito-lit-de-jour-rond-en-aluminium\/\" \/>\n<meta property=\"og:site_name\" content=\"La Villa Garden&amp;Design\" \/>\n<meta property=\"article:publisher\" content=\"https:\/\/www.facebook.com\/lavillagardendesign\/\" \/>\n<meta property=\"article:modified_time\" content=\"2026-02-23T09:41:14+00:00\" \/>\n<meta property=\"og:image\" content=\"https:\/\/www.lavillagardendesign.com\/wp-content\/uploads\/2025\/04\/DA803RO-0130\u610f\u5927\u5229\u5bb6\u51779320-e1743869033351.jpg\" \/>\n\t<meta property=\"og:image:width\" content=\"940\" \/>\n\t<meta property=\"og:image:height\" content=\"1280\" \/>\n\t<meta property=\"og:image:type\" content=\"image\/jpeg\" \/>\n<meta name=\"twitter:card\" content=\"summary_large_image\" \/>\n<script type=\"application\/ld+json\" class=\"yoast-schema-graph\">{\"@context\":\"https:\\\/\\\/schema.org\",\"@graph\":[{\"@type\":\"WebPage\",\"@id\":\"https:\\\/\\\/www.lavillagardendesign.com\\\/fr\\\/product\\\/mito-lit-de-jour-rond-en-aluminium\\\/\",\"url\":\"https:\\\/\\\/www.lavillagardendesign.com\\\/fr\\\/product\\\/mito-lit-de-jour-rond-en-aluminium\\\/\",\"name\":\"MITO - Lit de jour rond en aluminium avec corde synth\u00e9tique\",\"isPartOf\":{\"@id\":\"https:\\\/\\\/www.lavillagardendesign.com\\\/#website\"},\"primaryImageOfPage\":{\"@id\":\"https:\\\/\\\/www.lavillagardendesign.com\\\/fr\\\/product\\\/mito-lit-de-jour-rond-en-aluminium\\\/#primaryimage\"},\"image\":{\"@id\":\"https:\\\/\\\/www.lavillagardendesign.com\\\/fr\\\/product\\\/mito-lit-de-jour-rond-en-aluminium\\\/#primaryimage\"},\"thumbnailUrl\":\"https:\\\/\\\/www.lavillagardendesign.com\\\/wp-content\\\/uploads\\\/2025\\\/04\\\/DA803RO-0130\u610f\u5927\u5229\u5bb6\u51779320-e1743869033351.jpg\",\"datePublished\":\"2025-04-05T17:04:37+00:00\",\"dateModified\":\"2026-02-23T09:41:14+00:00\",\"description\":\"D\u00e9couvrez le lit de jour rond MITO : design moderne en aluminium avec corde synth\u00e9tique. Disponible en deux couleurs. Dimensions : 162 x 171 x 81 cm : 162 x 171 x 81 cm.\",\"breadcrumb\":{\"@id\":\"https:\\\/\\\/www.lavillagardendesign.com\\\/fr\\\/product\\\/mito-lit-de-jour-rond-en-aluminium\\\/#breadcrumb\"},\"inLanguage\":\"fr-FR\",\"potentialAction\":[{\"@type\":\"ReadAction\",\"target\":[\"https:\\\/\\\/www.lavillagardendesign.com\\\/fr\\\/product\\\/mito-lit-de-jour-rond-en-aluminium\\\/\"]}]},{\"@type\":\"ImageObject\",\"inLanguage\":\"fr-FR\",\"@id\":\"https:\\\/\\\/www.lavillagardendesign.com\\\/fr\\\/product\\\/mito-lit-de-jour-rond-en-aluminium\\\/#primaryimage\",\"url\":\"https:\\\/\\\/www.lavillagardendesign.com\\\/wp-content\\\/uploads\\\/2025\\\/04\\\/DA803RO-0130\u610f\u5927\u5229\u5bb6\u51779320-e1743869033351.jpg\",\"contentUrl\":\"https:\\\/\\\/www.lavillagardendesign.com\\\/wp-content\\\/uploads\\\/2025\\\/04\\\/DA803RO-0130\u610f\u5927\u5229\u5bb6\u51779320-e1743869033351.jpg\",\"width\":940,\"height\":1280},{\"@type\":\"BreadcrumbList\",\"@id\":\"https:\\\/\\\/www.lavillagardendesign.com\\\/fr\\\/product\\\/mito-lit-de-jour-rond-en-aluminium\\\/#breadcrumb\",\"itemListElement\":[{\"@type\":\"ListItem\",\"position\":1,\"name\":\"Home\",\"item\":\"https:\\\/\\\/www.lavillagardendesign.com\\\/\"},{\"@type\":\"ListItem\",\"position\":2,\"name\":\"Boutique\",\"item\":\"https:\\\/\\\/www.lavillagardendesign.com\\\/fr\\\/boutique\\\/\"},{\"@type\":\"ListItem\",\"position\":3,\"name\":\"MITO &#8211; Lit de jour rond en aluminium\"}]},{\"@type\":\"WebSite\",\"@id\":\"https:\\\/\\\/www.lavillagardendesign.com\\\/#website\",\"url\":\"https:\\\/\\\/www.lavillagardendesign.com\\\/\",\"name\":\"La Villa Garden&Design\",\"description\":\"\",\"publisher\":{\"@id\":\"https:\\\/\\\/www.lavillagardendesign.com\\\/#organization\"},\"potentialAction\":[{\"@type\":\"SearchAction\",\"target\":{\"@type\":\"EntryPoint\",\"urlTemplate\":\"https:\\\/\\\/www.lavillagardendesign.com\\\/?s={search_term_string}\"},\"query-input\":{\"@type\":\"PropertyValueSpecification\",\"valueRequired\":true,\"valueName\":\"search_term_string\"}}],\"inLanguage\":\"fr-FR\"},{\"@type\":\"Organization\",\"@id\":\"https:\\\/\\\/www.lavillagardendesign.com\\\/#organization\",\"name\":\"La Villa Garden&Design\",\"url\":\"https:\\\/\\\/www.lavillagardendesign.com\\\/\",\"logo\":{\"@type\":\"ImageObject\",\"inLanguage\":\"fr-FR\",\"@id\":\"https:\\\/\\\/www.lavillagardendesign.com\\\/#\\\/schema\\\/logo\\\/image\\\/\",\"url\":\"https:\\\/\\\/www.lavillagardendesign.com\\\/wp-content\\\/uploads\\\/2024\\\/04\\\/logolavilla.png\",\"contentUrl\":\"https:\\\/\\\/www.lavillagardendesign.com\\\/wp-content\\\/uploads\\\/2024\\\/04\\\/logolavilla.png\",\"width\":682,\"height\":391,\"caption\":\"La Villa Garden&Design\"},\"image\":{\"@id\":\"https:\\\/\\\/www.lavillagardendesign.com\\\/#\\\/schema\\\/logo\\\/image\\\/\"},\"sameAs\":[\"https:\\\/\\\/www.facebook.com\\\/lavillagardendesign\\\/\"]}]}<\/script>\n<!-- \/ Yoast SEO plugin. -->","yoast_head_json":{"title":"MITO - Lit de jour rond en aluminium avec corde synth\u00e9tique","description":"D\u00e9couvrez le lit de jour rond MITO : design moderne en aluminium avec corde synth\u00e9tique. Disponible en deux couleurs. Dimensions : 162 x 171 x 81 cm : 162 x 171 x 81 cm.","robots":{"index":"index","follow":"follow","max-snippet":"max-snippet:-1","max-image-preview":"max-image-preview:large","max-video-preview":"max-video-preview:-1"},"canonical":"https:\/\/www.lavillagardendesign.com\/fr\/product\/mito-lit-de-jour-rond-en-aluminium\/","og_locale":"fr_FR","og_type":"article","og_title":"MITO - Lit de jour rond en aluminium avec corde synth\u00e9tique","og_description":"D\u00e9couvrez le lit de jour rond MITO : design moderne en aluminium avec corde synth\u00e9tique. Disponible en deux couleurs. Dimensions : 162 x 171 x 81 cm : 162 x 171 x 81 cm.","og_url":"https:\/\/www.lavillagardendesign.com\/fr\/product\/mito-lit-de-jour-rond-en-aluminium\/","og_site_name":"La Villa Garden&amp;Design","article_publisher":"https:\/\/www.facebook.com\/lavillagardendesign\/","article_modified_time":"2026-02-23T09:41:14+00:00","og_image":[{"width":940,"height":1280,"url":"https:\/\/www.lavillagardendesign.com\/wp-content\/uploads\/2025\/04\/DA803RO-0130\u610f\u5927\u5229\u5bb6\u51779320-e1743869033351.jpg","type":"image\/jpeg"}],"twitter_card":"summary_large_image","schema":{"@context":"https:\/\/schema.org","@graph":[{"@type":"WebPage","@id":"https:\/\/www.lavillagardendesign.com\/fr\/product\/mito-lit-de-jour-rond-en-aluminium\/","url":"https:\/\/www.lavillagardendesign.com\/fr\/product\/mito-lit-de-jour-rond-en-aluminium\/","name":"MITO - Lit de jour rond en aluminium avec corde synth\u00e9tique","isPartOf":{"@id":"https:\/\/www.lavillagardendesign.com\/#website"},"primaryImageOfPage":{"@id":"https:\/\/www.lavillagardendesign.com\/fr\/product\/mito-lit-de-jour-rond-en-aluminium\/#primaryimage"},"image":{"@id":"https:\/\/www.lavillagardendesign.com\/fr\/product\/mito-lit-de-jour-rond-en-aluminium\/#primaryimage"},"thumbnailUrl":"https:\/\/www.lavillagardendesign.com\/wp-content\/uploads\/2025\/04\/DA803RO-0130\u610f\u5927\u5229\u5bb6\u51779320-e1743869033351.jpg","datePublished":"2025-04-05T17:04:37+00:00","dateModified":"2026-02-23T09:41:14+00:00","description":"D\u00e9couvrez le lit de jour rond MITO : design moderne en aluminium avec corde synth\u00e9tique. Disponible en deux couleurs. Dimensions : 162 x 171 x 81 cm : 162 x 171 x 81 cm.","breadcrumb":{"@id":"https:\/\/www.lavillagardendesign.com\/fr\/product\/mito-lit-de-jour-rond-en-aluminium\/#breadcrumb"},"inLanguage":"fr-FR","potentialAction":[{"@type":"ReadAction","target":["https:\/\/www.lavillagardendesign.com\/fr\/product\/mito-lit-de-jour-rond-en-aluminium\/"]}]},{"@type":"ImageObject","inLanguage":"fr-FR","@id":"https:\/\/www.lavillagardendesign.com\/fr\/product\/mito-lit-de-jour-rond-en-aluminium\/#primaryimage","url":"https:\/\/www.lavillagardendesign.com\/wp-content\/uploads\/2025\/04\/DA803RO-0130\u610f\u5927\u5229\u5bb6\u51779320-e1743869033351.jpg","contentUrl":"https:\/\/www.lavillagardendesign.com\/wp-content\/uploads\/2025\/04\/DA803RO-0130\u610f\u5927\u5229\u5bb6\u51779320-e1743869033351.jpg","width":940,"height":1280},{"@type":"BreadcrumbList","@id":"https:\/\/www.lavillagardendesign.com\/fr\/product\/mito-lit-de-jour-rond-en-aluminium\/#breadcrumb","itemListElement":[{"@type":"ListItem","position":1,"name":"Home","item":"https:\/\/www.lavillagardendesign.com\/"},{"@type":"ListItem","position":2,"name":"Boutique","item":"https:\/\/www.lavillagardendesign.com\/fr\/boutique\/"},{"@type":"ListItem","position":3,"name":"MITO &#8211; Lit de jour rond en aluminium"}]},{"@type":"WebSite","@id":"https:\/\/www.lavillagardendesign.com\/#website","url":"https:\/\/www.lavillagardendesign.com\/","name":"La Villa Garden&Design","description":"","publisher":{"@id":"https:\/\/www.lavillagardendesign.com\/#organization"},"potentialAction":[{"@type":"SearchAction","target":{"@type":"EntryPoint","urlTemplate":"https:\/\/www.lavillagardendesign.com\/?s={search_term_string}"},"query-input":{"@type":"PropertyValueSpecification","valueRequired":true,"valueName":"search_term_string"}}],"inLanguage":"fr-FR"},{"@type":"Organization","@id":"https:\/\/www.lavillagardendesign.com\/#organization","name":"La Villa Garden&Design","url":"https:\/\/www.lavillagardendesign.com\/","logo":{"@type":"ImageObject","inLanguage":"fr-FR","@id":"https:\/\/www.lavillagardendesign.com\/#\/schema\/logo\/image\/","url":"https:\/\/www.lavillagardendesign.com\/wp-content\/uploads\/2024\/04\/logolavilla.png","contentUrl":"https:\/\/www.lavillagardendesign.com\/wp-content\/uploads\/2024\/04\/logolavilla.png","width":682,"height":391,"caption":"La Villa Garden&Design"},"image":{"@id":"https:\/\/www.lavillagardendesign.com\/#\/schema\/logo\/image\/"},"sameAs":["https:\/\/www.facebook.com\/lavillagardendesign\/"]}]}},"_links":{"self":[{"href":"https:\/\/www.lavillagardendesign.com\/fr\/wp-json\/wp\/v2\/product\/53159","targetHints":{"allow":["GET"]}}],"collection":[{"href":"https:\/\/www.lavillagardendesign.com\/fr\/wp-json\/wp\/v2\/product"}],"about":[{"href":"https:\/\/www.lavillagardendesign.com\/fr\/wp-json\/wp\/v2\/types\/product"}],"replies":[{"embeddable":true,"href":"https:\/\/www.lavillagardendesign.com\/fr\/wp-json\/wp\/v2\/comments?post=53159"}],"version-history":[{"count":1,"href":"https:\/\/www.lavillagardendesign.com\/fr\/wp-json\/wp\/v2\/product\/53159\/revisions"}],"predecessor-version":[{"id":63680,"href":"https:\/\/www.lavillagardendesign.com\/fr\/wp-json\/wp\/v2\/product\/53159\/revisions\/63680"}],"wp:featuredmedia":[{"embeddable":true,"href":"https:\/\/www.lavillagardendesign.com\/fr\/wp-json\/wp\/v2\/media\/53128"}],"wp:attachment":[{"href":"https:\/\/www.lavillagardendesign.com\/fr\/wp-json\/wp\/v2\/media?parent=53159"}],"wp:term":[{"taxonomy":"product_brand","embeddable":true,"href":"https:\/\/www.lavillagardendesign.com\/fr\/wp-json\/wp\/v2\/product_brand?post=53159"},{"taxonomy":"product_cat","embeddable":true,"href":"https:\/\/www.lavillagardendesign.com\/fr\/wp-json\/wp\/v2\/product_cat?post=53159"},{"taxonomy":"product_tag","embeddable":true,"href":"https:\/\/www.lavillagardendesign.com\/fr\/wp-json\/wp\/v2\/product_tag?post=53159"}],"curies":[{"name":"wp","href":"https:\/\/api.w.org\/{rel}","templated":true}]}}

<p>Le lit de jour rond MITO se distingue par son esthétique moderne et l&rsquo;utilisation de la corde synthétique, un matériau innovant qui allie durabilité et design artisanal. Disponible en deux couleurs, il ajoute une touche d&rsquo;élégance à votre espace extérieur ou intérieur. Dimensions : 162 x 171 x 81 cm : 162 x 171 x 81 cm.  </p>

<!-- This site is optimized with the Yoast SEO plugin v27.4 - https://yoast.com/product/yoast-seo-wordpress/ -->
<title>MITO - Lit de jour rond en aluminium avec corde synthétique</title>
<meta name="description" content="Découvrez le lit de jour rond MITO : design moderne en aluminium avec corde synthétique. Disponible en deux couleurs. Dimensions : 162 x 171 x 81 cm : 162 x 171 x 81 cm." />
<meta name="robots" content="index, follow, max-snippet:-1, max-image-preview:large, max-video-preview:-1" />
<link rel="canonical" href="https://www.lavillagardendesign.com/fr/product/mito-lit-de-jour-rond-en-aluminium/" />
<meta property="og:locale" content="fr_FR" />
<meta property="og:type" content="article" />
<meta property="og:title" content="MITO - Lit de jour rond en aluminium avec corde synthétique" />
<meta property="og:description" content="Découvrez le lit de jour rond MITO : design moderne en aluminium avec corde synthétique. Disponible en deux couleurs. Dimensions : 162 x 171 x 81 cm : 162 x 171 x 81 cm." />
<meta property="og:url" content="https://www.lavillagardendesign.com/fr/product/mito-lit-de-jour-rond-en-aluminium/" />
<meta property="og:site_name" content="La Villa Garden&amp;Design" />
<meta property="article:publisher" content="https://www.facebook.com/lavillagardendesign/" />
<meta property="article:modified_time" content="2026-02-23T09:41:14+00:00" />
<meta property="og:image" content="https://www.lavillagardendesign.com/wp-content/uploads/2025/04/DA803RO-0130意大利家具9320-e1743869033351.jpg" />
	<meta property="og:image:width" content="940" />
	<meta property="og:image:height" content="1280" />
	<meta property="og:image:type" content="image/jpeg" />
<meta name="twitter:card" content="summary_large_image" />
<script type="application/ld+json" class="yoast-schema-graph">{"@context":"https:\/\/schema.org","@graph":[{"@type":"WebPage","@id":"https:\/\/www.lavillagardendesign.com\/fr\/product\/mito-lit-de-jour-rond-en-aluminium\/","url":"https:\/\/www.lavillagardendesign.com\/fr\/product\/mito-lit-de-jour-rond-en-aluminium\/","name":"MITO - Lit de jour rond en aluminium avec corde synthétique","isPartOf":{"@id":"https:\/\/www.lavillagardendesign.com\/#website"},"primaryImageOfPage":{"@id":"https:\/\/www.lavillagardendesign.com\/fr\/product\/mito-lit-de-jour-rond-en-aluminium\/#primaryimage"},"image":{"@id":"https:\/\/www.lavillagardendesign.com\/fr\/product\/mito-lit-de-jour-rond-en-aluminium\/#primaryimage"},"thumbnailUrl":"https:\/\/www.lavillagardendesign.com\/wp-content\/uploads\/2025\/04\/DA803RO-0130意大利家具9320-e1743869033351.jpg","datePublished":"2025-04-05T17:04:37+00:00","dateModified":"2026-02-23T09:41:14+00:00","description":"Découvrez le lit de jour rond MITO : design moderne en aluminium avec corde synthétique. Disponible en deux couleurs. Dimensions : 162 x 171 x 81 cm : 162 x 171 x 81 cm.","breadcrumb":{"@id":"https:\/\/www.lavillagardendesign.com\/fr\/product\/mito-lit-de-jour-rond-en-aluminium\/#breadcrumb"},"inLanguage":"fr-FR","potentialAction":[{"@type":"ReadAction","target":["https:\/\/www.lavillagardendesign.com\/fr\/product\/mito-lit-de-jour-rond-en-aluminium\/"]}]},{"@type":"ImageObject","inLanguage":"fr-FR","@id":"https:\/\/www.lavillagardendesign.com\/fr\/product\/mito-lit-de-jour-rond-en-aluminium\/#primaryimage","url":"https:\/\/www.lavillagardendesign.com\/wp-content\/uploads\/2025\/04\/DA803RO-0130意大利家具9320-e1743869033351.jpg","contentUrl":"https:\/\/www.lavillagardendesign.com\/wp-content\/uploads\/2025\/04\/DA803RO-0130意大利家具9320-e1743869033351.jpg","width":940,"height":1280},{"@type":"BreadcrumbList","@id":"https:\/\/www.lavillagardendesign.com\/fr\/product\/mito-lit-de-jour-rond-en-aluminium\/#breadcrumb","itemListElement":[{"@type":"ListItem","position":1,"name":"Home","item":"https:\/\/www.lavillagardendesign.com\/"},{"@type":"ListItem","position":2,"name":"Boutique","item":"https:\/\/www.lavillagardendesign.com\/fr\/boutique\/"},{"@type":"ListItem","position":3,"name":"MITO &#8211; Lit de jour rond en aluminium"}]},{"@type":"WebSite","@id":"https:\/\/www.lavillagardendesign.com\/#website","url":"https:\/\/www.lavillagardendesign.com\/","name":"La Villa Garden&Design","description":"","publisher":{"@id":"https:\/\/www.lavillagardendesign.com\/#organization"},"potentialAction":[{"@type":"SearchAction","target":{"@type":"EntryPoint","urlTemplate":"https:\/\/www.lavillagardendesign.com\/?s={search_term_string}"},"query-input":{"@type":"PropertyValueSpecification","valueRequired":true,"valueName":"search_term_string"}}],"inLanguage":"fr-FR"},{"@type":"Organization","@id":"https:\/\/www.lavillagardendesign.com\/#organization","name":"La Villa Garden&Design","url":"https:\/\/www.lavillagardendesign.com\/","logo":{"@type":"ImageObject","inLanguage":"fr-FR","@id":"https:\/\/www.lavillagardendesign.com\/#\/schema\/logo\/image\/","url":"https:\/\/www.lavillagardendesign.com\/wp-content\/uploads\/2024\/04\/logolavilla.png","contentUrl":"https:\/\/www.lavillagardendesign.com\/wp-content\/uploads\/2024\/04\/logolavilla.png","width":682,"height":391,"caption":"La Villa Garden&Design"},"image":{"@id":"https:\/\/www.lavillagardendesign.com\/#\/schema\/logo\/image\/"},"sameAs":["https:\/\/www.facebook.com\/lavillagardendesign\/"]}]}</script>
<!-- / Yoast SEO plugin. -->

MITO - Lit de jour rond en aluminium avec corde synthétique

Découvrez le lit de jour rond MITO : design moderne en aluminium avec corde synthétique. Disponible en deux couleurs. Dimensions : 162 x 171 x 81 cm : 162 x 171 x 81 cm.

https://www.lavillagardendesign.com/wp-content/uploads/2025/04/DA803RO-0130意大利家具9320-e1743869033351.jpg
