{"id":48550,"date":"2024-12-06T21:20:00","date_gmt":"2024-12-06T20:20:00","guid":{"rendered":"https:\/\/www.lavillagardendesign.com\/product\/cord-lampara-solar-de-cuerda\/"},"modified":"2026-02-23T13:10:29","modified_gmt":"2026-02-23T11:10:29","slug":"cord-lampara-solar-de-cuerda","status":"publish","type":"product","link":"https:\/\/www.lavillagardendesign.com\/es\/producto\/cord-lampara-solar-de-cuerda\/","title":{"rendered":"CORD &#8211; L\u00e1mpara Solar de Cuerda"},"content":{"rendered":"","protected":false},"excerpt":{"rendered":"<p>A\u00f1ade un toque de encanto natural a tus espacios con la l\u00e1mpara solar CORD. Dise\u00f1ada con un elegante acabado en cuerda, esta l\u00e1mpara solar proporciona una iluminaci\u00f3n LED suave y c\u00e1lida, perfecta tanto para interiores como para exteriores. Disponible en tres colores, es pr\u00e1ctico y ecol\u00f3gico gracias a su fuente de energ\u00eda solar. Compacta y elegante, con unas dimensiones de 17 x 20 cm, se adapta perfectamente a cualquier estilo de decoraci\u00f3n, creando un ambiente c\u00e1lido y moderno.<\/p>\n","protected":false},"featured_media":48525,"comment_status":"open","ping_status":"closed","template":"","meta":[],"product_brand":[4998],"product_cat":[3108,3110,6833],"product_tag":[],"class_list":{"0":"post-48550","1":"product","2":"type-product","3":"status-publish","4":"has-post-thumbnail","6":"product_brand-la-villa","7":"product_cat-iluminacion","8":"product_cat-lamparas-de-mesa","9":"product_cat-outdoor-es","11":"first","12":"instock","13":"taxable","14":"shipping-taxable","15":"purchasable","16":"product-type-variable","17":"has-default-attributes"},"yoast_head":"<!-- This site is optimized with the Yoast SEO plugin v27.4 - https:\/\/yoast.com\/product\/yoast-seo-wordpress\/ -->\n<title>CORD \u2013 L\u00e1mpara Solar de Cuerda para Interior y Exterior<\/title>\n<meta name=\"description\" content=\"Descubre la l\u00e1mpara solar CORD: dise\u00f1o elegante en cuerda, iluminaci\u00f3n LED, disponible en 3 colores.\" \/>\n<meta name=\"robots\" content=\"index, follow, max-snippet:-1, max-image-preview:large, max-video-preview:-1\" \/>\n<link rel=\"canonical\" href=\"https:\/\/www.lavillagardendesign.com\/es\/producto\/cord-lampara-solar-de-cuerda\/\" \/>\n<meta property=\"og:locale\" content=\"es_ES\" \/>\n<meta property=\"og:type\" content=\"article\" \/>\n<meta property=\"og:title\" content=\"CORD \u2013 L\u00e1mpara Solar de Cuerda para Interior y Exterior\" \/>\n<meta property=\"og:description\" content=\"Descubre la l\u00e1mpara solar CORD: dise\u00f1o elegante en cuerda, iluminaci\u00f3n LED, disponible en 3 colores.\" \/>\n<meta property=\"og:url\" content=\"https:\/\/www.lavillagardendesign.com\/es\/producto\/cord-lampara-solar-de-cuerda\/\" \/>\n<meta property=\"og:site_name\" content=\"La Villa Garden&amp;Design\" \/>\n<meta property=\"article:publisher\" content=\"https:\/\/www.facebook.com\/lavillagardendesign\/\" \/>\n<meta property=\"article:modified_time\" content=\"2026-02-23T11:10:29+00:00\" \/>\n<meta property=\"og:image\" content=\"https:\/\/www.lavillagardendesign.com\/wp-content\/uploads\/2024\/12\/1-3.png\" \/>\n\t<meta property=\"og:image:width\" content=\"700\" \/>\n\t<meta property=\"og:image:height\" content=\"800\" \/>\n\t<meta property=\"og:image:type\" content=\"image\/png\" \/>\n<meta name=\"twitter:card\" content=\"summary_large_image\" \/>\n<script type=\"application\/ld+json\" class=\"yoast-schema-graph\">{\"@context\":\"https:\\\/\\\/schema.org\",\"@graph\":[{\"@type\":\"WebPage\",\"@id\":\"https:\\\/\\\/www.lavillagardendesign.com\\\/es\\\/producto\\\/cord-lampara-solar-de-cuerda\\\/\",\"url\":\"https:\\\/\\\/www.lavillagardendesign.com\\\/es\\\/producto\\\/cord-lampara-solar-de-cuerda\\\/\",\"name\":\"CORD \u2013 L\u00e1mpara Solar de Cuerda para Interior y Exterior\",\"isPartOf\":{\"@id\":\"https:\\\/\\\/www.lavillagardendesign.com\\\/#website\"},\"primaryImageOfPage\":{\"@id\":\"https:\\\/\\\/www.lavillagardendesign.com\\\/es\\\/producto\\\/cord-lampara-solar-de-cuerda\\\/#primaryimage\"},\"image\":{\"@id\":\"https:\\\/\\\/www.lavillagardendesign.com\\\/es\\\/producto\\\/cord-lampara-solar-de-cuerda\\\/#primaryimage\"},\"thumbnailUrl\":\"https:\\\/\\\/www.lavillagardendesign.com\\\/wp-content\\\/uploads\\\/2024\\\/12\\\/1-3.png\",\"datePublished\":\"2024-12-06T20:20:00+00:00\",\"dateModified\":\"2026-02-23T11:10:29+00:00\",\"description\":\"Descubre la l\u00e1mpara solar CORD: dise\u00f1o elegante en cuerda, iluminaci\u00f3n LED, disponible en 3 colores.\",\"breadcrumb\":{\"@id\":\"https:\\\/\\\/www.lavillagardendesign.com\\\/es\\\/producto\\\/cord-lampara-solar-de-cuerda\\\/#breadcrumb\"},\"inLanguage\":\"es\",\"potentialAction\":[{\"@type\":\"ReadAction\",\"target\":[\"https:\\\/\\\/www.lavillagardendesign.com\\\/es\\\/producto\\\/cord-lampara-solar-de-cuerda\\\/\"]}]},{\"@type\":\"ImageObject\",\"inLanguage\":\"es\",\"@id\":\"https:\\\/\\\/www.lavillagardendesign.com\\\/es\\\/producto\\\/cord-lampara-solar-de-cuerda\\\/#primaryimage\",\"url\":\"https:\\\/\\\/www.lavillagardendesign.com\\\/wp-content\\\/uploads\\\/2024\\\/12\\\/1-3.png\",\"contentUrl\":\"https:\\\/\\\/www.lavillagardendesign.com\\\/wp-content\\\/uploads\\\/2024\\\/12\\\/1-3.png\",\"width\":700,\"height\":800},{\"@type\":\"BreadcrumbList\",\"@id\":\"https:\\\/\\\/www.lavillagardendesign.com\\\/es\\\/producto\\\/cord-lampara-solar-de-cuerda\\\/#breadcrumb\",\"itemListElement\":[{\"@type\":\"ListItem\",\"position\":1,\"name\":\"Home\",\"item\":\"https:\\\/\\\/www.lavillagardendesign.com\\\/\"},{\"@type\":\"ListItem\",\"position\":2,\"name\":\"Tienda\",\"item\":\"https:\\\/\\\/www.lavillagardendesign.com\\\/es\\\/tienda\\\/\"},{\"@type\":\"ListItem\",\"position\":3,\"name\":\"CORD &#8211; L\u00e1mpara Solar de Cuerda\"}]},{\"@type\":\"WebSite\",\"@id\":\"https:\\\/\\\/www.lavillagardendesign.com\\\/#website\",\"url\":\"https:\\\/\\\/www.lavillagardendesign.com\\\/\",\"name\":\"La Villa Garden&Design\",\"description\":\"\",\"publisher\":{\"@id\":\"https:\\\/\\\/www.lavillagardendesign.com\\\/#organization\"},\"potentialAction\":[{\"@type\":\"SearchAction\",\"target\":{\"@type\":\"EntryPoint\",\"urlTemplate\":\"https:\\\/\\\/www.lavillagardendesign.com\\\/?s={search_term_string}\"},\"query-input\":{\"@type\":\"PropertyValueSpecification\",\"valueRequired\":true,\"valueName\":\"search_term_string\"}}],\"inLanguage\":\"es\"},{\"@type\":\"Organization\",\"@id\":\"https:\\\/\\\/www.lavillagardendesign.com\\\/#organization\",\"name\":\"La Villa Garden&Design\",\"url\":\"https:\\\/\\\/www.lavillagardendesign.com\\\/\",\"logo\":{\"@type\":\"ImageObject\",\"inLanguage\":\"es\",\"@id\":\"https:\\\/\\\/www.lavillagardendesign.com\\\/#\\\/schema\\\/logo\\\/image\\\/\",\"url\":\"https:\\\/\\\/www.lavillagardendesign.com\\\/wp-content\\\/uploads\\\/2024\\\/04\\\/logolavilla.png\",\"contentUrl\":\"https:\\\/\\\/www.lavillagardendesign.com\\\/wp-content\\\/uploads\\\/2024\\\/04\\\/logolavilla.png\",\"width\":682,\"height\":391,\"caption\":\"La Villa Garden&Design\"},\"image\":{\"@id\":\"https:\\\/\\\/www.lavillagardendesign.com\\\/#\\\/schema\\\/logo\\\/image\\\/\"},\"sameAs\":[\"https:\\\/\\\/www.facebook.com\\\/lavillagardendesign\\\/\"]}]}<\/script>\n<!-- \/ Yoast SEO plugin. -->","yoast_head_json":{"title":"CORD \u2013 L\u00e1mpara Solar de Cuerda para Interior y Exterior","description":"Descubre la l\u00e1mpara solar CORD: dise\u00f1o elegante en cuerda, iluminaci\u00f3n LED, disponible en 3 colores.","robots":{"index":"index","follow":"follow","max-snippet":"max-snippet:-1","max-image-preview":"max-image-preview:large","max-video-preview":"max-video-preview:-1"},"canonical":"https:\/\/www.lavillagardendesign.com\/es\/producto\/cord-lampara-solar-de-cuerda\/","og_locale":"es_ES","og_type":"article","og_title":"CORD \u2013 L\u00e1mpara Solar de Cuerda para Interior y Exterior","og_description":"Descubre la l\u00e1mpara solar CORD: dise\u00f1o elegante en cuerda, iluminaci\u00f3n LED, disponible en 3 colores.","og_url":"https:\/\/www.lavillagardendesign.com\/es\/producto\/cord-lampara-solar-de-cuerda\/","og_site_name":"La Villa Garden&amp;Design","article_publisher":"https:\/\/www.facebook.com\/lavillagardendesign\/","article_modified_time":"2026-02-23T11:10:29+00:00","og_image":[{"width":700,"height":800,"url":"https:\/\/www.lavillagardendesign.com\/wp-content\/uploads\/2024\/12\/1-3.png","type":"image\/png"}],"twitter_card":"summary_large_image","schema":{"@context":"https:\/\/schema.org","@graph":[{"@type":"WebPage","@id":"https:\/\/www.lavillagardendesign.com\/es\/producto\/cord-lampara-solar-de-cuerda\/","url":"https:\/\/www.lavillagardendesign.com\/es\/producto\/cord-lampara-solar-de-cuerda\/","name":"CORD \u2013 L\u00e1mpara Solar de Cuerda para Interior y Exterior","isPartOf":{"@id":"https:\/\/www.lavillagardendesign.com\/#website"},"primaryImageOfPage":{"@id":"https:\/\/www.lavillagardendesign.com\/es\/producto\/cord-lampara-solar-de-cuerda\/#primaryimage"},"image":{"@id":"https:\/\/www.lavillagardendesign.com\/es\/producto\/cord-lampara-solar-de-cuerda\/#primaryimage"},"thumbnailUrl":"https:\/\/www.lavillagardendesign.com\/wp-content\/uploads\/2024\/12\/1-3.png","datePublished":"2024-12-06T20:20:00+00:00","dateModified":"2026-02-23T11:10:29+00:00","description":"Descubre la l\u00e1mpara solar CORD: dise\u00f1o elegante en cuerda, iluminaci\u00f3n LED, disponible en 3 colores.","breadcrumb":{"@id":"https:\/\/www.lavillagardendesign.com\/es\/producto\/cord-lampara-solar-de-cuerda\/#breadcrumb"},"inLanguage":"es","potentialAction":[{"@type":"ReadAction","target":["https:\/\/www.lavillagardendesign.com\/es\/producto\/cord-lampara-solar-de-cuerda\/"]}]},{"@type":"ImageObject","inLanguage":"es","@id":"https:\/\/www.lavillagardendesign.com\/es\/producto\/cord-lampara-solar-de-cuerda\/#primaryimage","url":"https:\/\/www.lavillagardendesign.com\/wp-content\/uploads\/2024\/12\/1-3.png","contentUrl":"https:\/\/www.lavillagardendesign.com\/wp-content\/uploads\/2024\/12\/1-3.png","width":700,"height":800},{"@type":"BreadcrumbList","@id":"https:\/\/www.lavillagardendesign.com\/es\/producto\/cord-lampara-solar-de-cuerda\/#breadcrumb","itemListElement":[{"@type":"ListItem","position":1,"name":"Home","item":"https:\/\/www.lavillagardendesign.com\/"},{"@type":"ListItem","position":2,"name":"Tienda","item":"https:\/\/www.lavillagardendesign.com\/es\/tienda\/"},{"@type":"ListItem","position":3,"name":"CORD &#8211; L\u00e1mpara Solar de Cuerda"}]},{"@type":"WebSite","@id":"https:\/\/www.lavillagardendesign.com\/#website","url":"https:\/\/www.lavillagardendesign.com\/","name":"La Villa Garden&Design","description":"","publisher":{"@id":"https:\/\/www.lavillagardendesign.com\/#organization"},"potentialAction":[{"@type":"SearchAction","target":{"@type":"EntryPoint","urlTemplate":"https:\/\/www.lavillagardendesign.com\/?s={search_term_string}"},"query-input":{"@type":"PropertyValueSpecification","valueRequired":true,"valueName":"search_term_string"}}],"inLanguage":"es"},{"@type":"Organization","@id":"https:\/\/www.lavillagardendesign.com\/#organization","name":"La Villa Garden&Design","url":"https:\/\/www.lavillagardendesign.com\/","logo":{"@type":"ImageObject","inLanguage":"es","@id":"https:\/\/www.lavillagardendesign.com\/#\/schema\/logo\/image\/","url":"https:\/\/www.lavillagardendesign.com\/wp-content\/uploads\/2024\/04\/logolavilla.png","contentUrl":"https:\/\/www.lavillagardendesign.com\/wp-content\/uploads\/2024\/04\/logolavilla.png","width":682,"height":391,"caption":"La Villa Garden&Design"},"image":{"@id":"https:\/\/www.lavillagardendesign.com\/#\/schema\/logo\/image\/"},"sameAs":["https:\/\/www.facebook.com\/lavillagardendesign\/"]}]}},"_links":{"self":[{"href":"https:\/\/www.lavillagardendesign.com\/es\/wp-json\/wp\/v2\/product\/48550","targetHints":{"allow":["GET"]}}],"collection":[{"href":"https:\/\/www.lavillagardendesign.com\/es\/wp-json\/wp\/v2\/product"}],"about":[{"href":"https:\/\/www.lavillagardendesign.com\/es\/wp-json\/wp\/v2\/types\/product"}],"replies":[{"embeddable":true,"href":"https:\/\/www.lavillagardendesign.com\/es\/wp-json\/wp\/v2\/comments?post=48550"}],"version-history":[{"count":1,"href":"https:\/\/www.lavillagardendesign.com\/es\/wp-json\/wp\/v2\/product\/48550\/revisions"}],"predecessor-version":[{"id":52278,"href":"https:\/\/www.lavillagardendesign.com\/es\/wp-json\/wp\/v2\/product\/48550\/revisions\/52278"}],"wp:featuredmedia":[{"embeddable":true,"href":"https:\/\/www.lavillagardendesign.com\/es\/wp-json\/wp\/v2\/media\/48525"}],"wp:attachment":[{"href":"https:\/\/www.lavillagardendesign.com\/es\/wp-json\/wp\/v2\/media?parent=48550"}],"wp:term":[{"taxonomy":"product_brand","embeddable":true,"href":"https:\/\/www.lavillagardendesign.com\/es\/wp-json\/wp\/v2\/product_brand?post=48550"},{"taxonomy":"product_cat","embeddable":true,"href":"https:\/\/www.lavillagardendesign.com\/es\/wp-json\/wp\/v2\/product_cat?post=48550"},{"taxonomy":"product_tag","embeddable":true,"href":"https:\/\/www.lavillagardendesign.com\/es\/wp-json\/wp\/v2\/product_tag?post=48550"}],"curies":[{"name":"wp","href":"https:\/\/api.w.org\/{rel}","templated":true}]}}

CORD &#8211; Lámpara Solar de Cuerda

<p>Añade un toque de encanto natural a tus espacios con la lámpara solar CORD. Diseñada con un elegante acabado en cuerda, esta lámpara solar proporciona una iluminación LED suave y cálida, perfecta tanto para interiores como para exteriores. Disponible en tres colores, es práctico y ecológico gracias a su fuente de energía solar. Compacta y elegante, con unas dimensiones de 17 x 20 cm, se adapta perfectamente a cualquier estilo de decoración, creando un ambiente cálido y moderno.</p>

<!-- This site is optimized with the Yoast SEO plugin v27.4 - https://yoast.com/product/yoast-seo-wordpress/ -->
<title>CORD – Lámpara Solar de Cuerda para Interior y Exterior</title>
<meta name="description" content="Descubre la lámpara solar CORD: diseño elegante en cuerda, iluminación LED, disponible en 3 colores." />
<meta name="robots" content="index, follow, max-snippet:-1, max-image-preview:large, max-video-preview:-1" />
<link rel="canonical" href="https://www.lavillagardendesign.com/es/producto/cord-lampara-solar-de-cuerda/" />
<meta property="og:locale" content="es_ES" />
<meta property="og:type" content="article" />
<meta property="og:title" content="CORD – Lámpara Solar de Cuerda para Interior y Exterior" />
<meta property="og:description" content="Descubre la lámpara solar CORD: diseño elegante en cuerda, iluminación LED, disponible en 3 colores." />
<meta property="og:url" content="https://www.lavillagardendesign.com/es/producto/cord-lampara-solar-de-cuerda/" />
<meta property="og:site_name" content="La Villa Garden&amp;Design" />
<meta property="article:publisher" content="https://www.facebook.com/lavillagardendesign/" />
<meta property="article:modified_time" content="2026-02-23T11:10:29+00:00" />
<meta property="og:image" content="https://www.lavillagardendesign.com/wp-content/uploads/2024/12/1-3.png" />
	<meta property="og:image:width" content="700" />
	<meta property="og:image:height" content="800" />
	<meta property="og:image:type" content="image/png" />
<meta name="twitter:card" content="summary_large_image" />
<script type="application/ld+json" class="yoast-schema-graph">{"@context":"https:\/\/schema.org","@graph":[{"@type":"WebPage","@id":"https:\/\/www.lavillagardendesign.com\/es\/producto\/cord-lampara-solar-de-cuerda\/","url":"https:\/\/www.lavillagardendesign.com\/es\/producto\/cord-lampara-solar-de-cuerda\/","name":"CORD – Lámpara Solar de Cuerda para Interior y Exterior","isPartOf":{"@id":"https:\/\/www.lavillagardendesign.com\/#website"},"primaryImageOfPage":{"@id":"https:\/\/www.lavillagardendesign.com\/es\/producto\/cord-lampara-solar-de-cuerda\/#primaryimage"},"image":{"@id":"https:\/\/www.lavillagardendesign.com\/es\/producto\/cord-lampara-solar-de-cuerda\/#primaryimage"},"thumbnailUrl":"https:\/\/www.lavillagardendesign.com\/wp-content\/uploads\/2024\/12\/1-3.png","datePublished":"2024-12-06T20:20:00+00:00","dateModified":"2026-02-23T11:10:29+00:00","description":"Descubre la lámpara solar CORD: diseño elegante en cuerda, iluminación LED, disponible en 3 colores.","breadcrumb":{"@id":"https:\/\/www.lavillagardendesign.com\/es\/producto\/cord-lampara-solar-de-cuerda\/#breadcrumb"},"inLanguage":"es","potentialAction":[{"@type":"ReadAction","target":["https:\/\/www.lavillagardendesign.com\/es\/producto\/cord-lampara-solar-de-cuerda\/"]}]},{"@type":"ImageObject","inLanguage":"es","@id":"https:\/\/www.lavillagardendesign.com\/es\/producto\/cord-lampara-solar-de-cuerda\/#primaryimage","url":"https:\/\/www.lavillagardendesign.com\/wp-content\/uploads\/2024\/12\/1-3.png","contentUrl":"https:\/\/www.lavillagardendesign.com\/wp-content\/uploads\/2024\/12\/1-3.png","width":700,"height":800},{"@type":"BreadcrumbList","@id":"https:\/\/www.lavillagardendesign.com\/es\/producto\/cord-lampara-solar-de-cuerda\/#breadcrumb","itemListElement":[{"@type":"ListItem","position":1,"name":"Home","item":"https:\/\/www.lavillagardendesign.com\/"},{"@type":"ListItem","position":2,"name":"Tienda","item":"https:\/\/www.lavillagardendesign.com\/es\/tienda\/"},{"@type":"ListItem","position":3,"name":"CORD &#8211; Lámpara Solar de Cuerda"}]},{"@type":"WebSite","@id":"https:\/\/www.lavillagardendesign.com\/#website","url":"https:\/\/www.lavillagardendesign.com\/","name":"La Villa Garden&Design","description":"","publisher":{"@id":"https:\/\/www.lavillagardendesign.com\/#organization"},"potentialAction":[{"@type":"SearchAction","target":{"@type":"EntryPoint","urlTemplate":"https:\/\/www.lavillagardendesign.com\/?s={search_term_string}"},"query-input":{"@type":"PropertyValueSpecification","valueRequired":true,"valueName":"search_term_string"}}],"inLanguage":"es"},{"@type":"Organization","@id":"https:\/\/www.lavillagardendesign.com\/#organization","name":"La Villa Garden&Design","url":"https:\/\/www.lavillagardendesign.com\/","logo":{"@type":"ImageObject","inLanguage":"es","@id":"https:\/\/www.lavillagardendesign.com\/#\/schema\/logo\/image\/","url":"https:\/\/www.lavillagardendesign.com\/wp-content\/uploads\/2024\/04\/logolavilla.png","contentUrl":"https:\/\/www.lavillagardendesign.com\/wp-content\/uploads\/2024\/04\/logolavilla.png","width":682,"height":391,"caption":"La Villa Garden&Design"},"image":{"@id":"https:\/\/www.lavillagardendesign.com\/#\/schema\/logo\/image\/"},"sameAs":["https:\/\/www.facebook.com\/lavillagardendesign\/"]}]}</script>
<!-- / Yoast SEO plugin. -->

CORD – Lámpara Solar de Cuerda para Interior y Exterior

Descubre la lámpara solar CORD: diseño elegante en cuerda, iluminación LED, disponible en 3 colores.
